{"id":33,"date":"2020-04-24T19:36:34","date_gmt":"2020-04-24T17:36:34","guid":{"rendered":"http:\/\/pierregrunberger.fr\/atelier\/?page_id=33"},"modified":"2025-11-04T14:57:15","modified_gmt":"2025-11-04T13:57:15","slug":"quelques-liens","status":"publish","type":"page","link":"https:\/\/pierregrunberger.fr\/atelier\/quelques-liens\/","title":{"rendered":"Quelques liens"},"content":{"rendered":"\n<figure class=\"wp-block-image size-large is-resized\"><img loading=\"lazy\" decoding=\"async\" src=\"http:\/\/pierregrunberger.fr\/atelier\/wp-content\/uploads\/2020\/04\/logoPierre.jpg\" alt=\"Sancho\" class=\"wp-image-39\" width=\"193\" height=\"193\" srcset=\"https:\/\/pierregrunberger.fr\/atelier\/wp-content\/uploads\/2020\/04\/logoPierre.jpg 448w, https:\/\/pierregrunberger.fr\/atelier\/wp-content\/uploads\/2020\/04\/logoPierre-300x300.jpg 300w, https:\/\/pierregrunberger.fr\/atelier\/wp-content\/uploads\/2020\/04\/logoPierre-150x150.jpg 150w, https:\/\/pierregrunberger.fr\/atelier\/wp-content\/uploads\/2020\/04\/logoPierre-100x100.jpg 100w\" sizes=\"auto, (max-width: 193px) 100vw, 193px\" \/><\/figure>\n\n\n\n<h2 class=\"wp-block-heading\"><a href=\"https:\/\/www.musiqueaflaine.fr\/\"><strong>Musique<\/strong> <strong>\u00e0<\/strong> <strong>Flaine<\/strong><\/a><\/h2>\n\n\n\n<p><a href=\"https:\/\/duckduckgo.com\/?q=musique%20%C3%A0%20flaine+site:www.musiqueaflaine.fr&amp;t=ffnt&amp;atb=v212-1\"><\/a><a href=\"https:\/\/www.musiqueaflaine.fr\/\">https:\/\/www.musiqueaflaine.fr<\/a><\/p>\n\n\n\n<p><strong>Musique \u00e0 Flaine<\/strong> est une acad\u00e9mie musicale de grande qualit\u00e9 ax\u00e9e sur la <strong>musique<\/strong> de chambre et le travail instrumental. Elle s&rsquo;adresse aux jeunes musiciens de haut niveau d\u00e9sireux d&rsquo;approfondir leurs connaissances musicales aupr\u00e8s d&rsquo;artistes de grande exp\u00e9rience.<\/p>\n\n\n\n<h2 class=\"wp-block-heading\"><strong>IPCI France Europe<\/strong><\/h2>\n\n\n\n<p><a href=\"https:\/\/www.ipci-france-europe.org\">https:\/\/www.ipci-france-europe.org<\/a><\/p>\n\n\n\n<h2 class=\"wp-block-heading\"><a href=\"https:\/\/www.opera-lyon.com\/fr\"><strong>Op\u00e9ra<\/strong> <strong>National<\/strong> <strong>de<\/strong> <strong>Lyon<\/strong><\/a><\/h2>\n\n\n\n<p><a href=\"https:\/\/www.opera-lyon.com\/fr\">https:\/\/www.opera-lyon.com\/fr<\/a><\/p>\n\n\n\n<p><\/p>\n\n\n\n<h2 class=\"wp-block-heading\"><a href=\"https:\/\/www.jeangrunberger.com\/\"><strong>Jean<\/strong> <strong>Grunberger<\/strong> Archetier Bow maker web site.<\/a><\/h2>\n\n\n\n<p><a href=\"https:\/\/www.jeangrunberger.com\">https:\/\/www.jeangrunberger.com<\/a><\/p>\n\n\n\n<p><\/p>\n\n\n\n<h2 class=\"wp-block-heading\"><a href=\"http:\/\/www.davidayacheluthier.com\/DavidAyacheLuthier\/Accueil.html\"><strong>David<\/strong> <strong>Ayache|Luthier<\/strong> \u00e0 Montpellier|violons|altos|violoncelles<\/a><\/h2>\n\n\n\n<p><a href=\"http:\/\/www.davidayacheluthier.com\/DavidAyacheLuthier\/Accueil.html\">www.davidayacheluthier.com\/<\/a><\/p>\n\n\n\n<p><strong>DavidAyache<\/strong>. <strong>Luthier<\/strong> \u00e0 Montpellier. Violons, altos et violoncelles &#8211; modernes et baroques. 2, rue Cauzit &#8211; 34000 Montpellier T\u00e9l. +33 (0)4 67 60 96 57 Mob. +33 (0)6 75 17 34 99<\/p>\n\n\n\n<p><\/p>\n","protected":false},"excerpt":{"rendered":"<p>Musique \u00e0 Flaine https:\/\/www.musiqueaflaine.fr Musique \u00e0 Flaine est une acad\u00e9mie musicale de grande qualit\u00e9 ax\u00e9e sur la musique de chambre et le travail instrumental. Elle s&rsquo;adresse aux jeunes musiciens de haut niveau d\u00e9sireux d&rsquo;approfondir leurs connaissances musicales aupr\u00e8s d&rsquo;artistes de grande exp\u00e9rience. IPCI France Europe https:\/\/www.ipci-france-europe.org Op\u00e9ra National de Lyon https:\/\/www.opera-lyon.com\/fr Jean Grunberger Archetier Bow &hellip; <\/p>\n<p class=\"link-more\"><a href=\"https:\/\/pierregrunberger.fr\/atelier\/quelques-liens\/\" class=\"more-link\">Continuer la lecture<span class=\"screen-reader-text\"> de &laquo;&nbsp;Quelques liens&nbsp;&raquo;<\/span><\/a><\/p>\n","protected":false},"author":1,"featured_media":0,"parent":0,"menu_order":0,"comment_status":"closed","ping_status":"closed","template":"","meta":{"footnotes":""},"class_list":["post-33","page","type-page","status-publish","hentry"],"jetpack_sharing_enabled":true,"_links":{"self":[{"href":"https:\/\/pierregrunberger.fr\/atelier\/wp-json\/wp\/v2\/pages\/33","targetHints":{"allow":["GET"]}}],"collection":[{"href":"https:\/\/pierregrunberger.fr\/atelier\/wp-json\/wp\/v2\/pages"}],"about":[{"href":"https:\/\/pierregrunberger.fr\/atelier\/wp-json\/wp\/v2\/types\/page"}],"author":[{"embeddable":true,"href":"https:\/\/pierregrunberger.fr\/atelier\/wp-json\/wp\/v2\/users\/1"}],"replies":[{"embeddable":true,"href":"https:\/\/pierregrunberger.fr\/atelier\/wp-json\/wp\/v2\/comments?post=33"}],"version-history":[{"count":3,"href":"https:\/\/pierregrunberger.fr\/atelier\/wp-json\/wp\/v2\/pages\/33\/revisions"}],"predecessor-version":[{"id":65,"href":"https:\/\/pierregrunberger.fr\/atelier\/wp-json\/wp\/v2\/pages\/33\/revisions\/65"}],"wp:attachment":[{"href":"https:\/\/pierregrunberger.fr\/atelier\/wp-json\/wp\/v2\/media?parent=33"}],"curies":[{"name":"wp","href":"https:\/\/api.w.org\/{rel}","templated":true}]}}